highest common factor of r and v?
6
Let h be (4/12 - 0)*-1*102. Let v = h + 73. Calculate the greatest common factor of v and 130.
13
Let r(n) = -7*n - 80. Let u be r(-25). Calculate the greatest common divisor of u and 95.
95
Let s(o) = 5*o**2 - 6*o - 2. Let m be s(6). Suppose m = 5*q + 12. Suppose 18 + 21 = 3*n - r, -2*n + 3*r = -26. Calculate the highest common factor of q and n.
13
Suppose 0 = -22*j - 0*j + 2618. Calculate the highest common factor of j and 17.
17
Let z(t) = 6*t**2 - 11*t - 84. Suppose 15*w = 21*w + 30. Let x be z(w). Calculate the highest common divisor of 11 and x.
11
Suppose 10*t + 4*i = -16*t + 3928, -t + 2*i + 164 = 0. What is the highest common factor of 2204 and t?
76
Suppose 476*i + 17460 - 81720 = 0. Let u = 24 - 14. Calculate the highest common factor of i and u.
5
Let l(h) = 1802*h - 1091. Let s be l(1). Calculate the highest common factor of 79 and s.
79
Let d(x) = -103*x**3 - 6*x - 6. Let n be d(-1). Let s = 122 - n. Calculate the highest common divisor of 209 and s.
19
Let h be (-99)/66*((-586)/3 - 2). Suppose 0 = -96*z + 92*z - h. Let y = z + 102. Calculate the greatest common factor of 7 and y.
7
Let w(j) = -j + 3. Let h(n) = 10*n - 33. Let d(v) = h(v) - w(v). Let i be d(6). What is the greatest common factor of i and 870?
30
Let u(p) = p**2 - 3*p - 1. Let y = -16 + 20. Let m be u(y). Let f = -55 + 57. What is the greatest common divisor of f and m?
1
Let l(m) be the third derivative of 23*m**5/30 - 5*m**4/24 - 10*m**3/3 - 41*m**2. Let i be l(-2). What is the greatest common factor of 290 and i?
58
Let m(f) = f**3 + 9*f**2 + 8*f + 20. Let q be m(-6). Let o be (q - 81)*(-129)/(-2)*-2. What is the highest common divisor of o and 3?
3
Let s be 9666/(-537)*4/(-6). Suppose 0 = -5*f + 3*x + 1236, 3*f - 5*x - 804 + 56 = 0. What is the highest common divisor of f and s?
6
Suppose 4*a + 3 = 5*a. Suppose i = a*i - 5*x - 33, -i + 30 = 2*x. Calculate the highest common factor of i and 84.
12
Let n be (5/(-5) + 9)*-3. Let y = n - -518. What is the highest common divisor of y and 26?
26
Let v = 1622 + -1596. Calculate the highest common divisor of 4381 and v.
13
Let b be (-71)/(-8) + (128/2048)/((-2)/(-4)). Suppose -c = -3*c. Suppose p - 30 = a, -3*p - 2*a + 3 + 72 = c. What is the greatest common factor of b and p?
9
Let g(d) = d**3 + d**2 - 18*d - 24. Let a be g(-3). Calculate the highest common factor of a and 512.
4
Suppose -3620 = -17*r + 358. What is the greatest common factor of r and 114?
6
Suppose -275 = 5*a + 5*i, -a + 5*i = 7*i + 56. Let x be 0/1 + (-2 - -62). Let n = x + a. What is the highest common divisor of 54 and n?
6
Suppose 5*z = 32 - 7. Let f be (10 + 0)/(6/24*8). Let r be (-4*f/30)/(10/(-825)). Calculate the highest common factor of r and z.
5
Suppose -3*d = m - 398, -141*d - 422 = -144*d + 5*m. What is the highest common factor of 5025 and d?
67
Let m = 1085 - 689. What is the greatest common factor of m and 22?
22
Let x be (-2 + -3 + 7)*1. Let t be ((-20)/(-14) - x)/((-3)/21). Let i be (10/t)/(11/44). Calculate the highest common divisor of 40 and i.
10
Suppose 5*h + 93 = 8*h. Let q = 29 + h. Let r be 15/2*(2 + 0). Calculate the greatest common factor of q and r.
15
Suppose -17*v + 19*v = 528. Let x = 266 - v. Calculate the highest common divisor of 6 and x.
2
Let j(g) = g**3 + g**2 - 32*g - 11. Let c be j(-6). Let q be 9 + (2 - 8) + c. What is the greatest common factor of q and 100?
4
Let c = 730 + -1471. Let z = c + 783. What is the highest common factor of 42 and z?
42
Let u be 40 - (-4 + 3 + 4). Suppose -u = -z - 11. Calculate the highest common factor of z and 338.
26
Let n = 19 + -1. Suppose 12816 = 4367*y - 4278*y. Calculate the greatest common divisor of y and n.
18
Suppose 4*m + 2119*t - 2118*t - 6339 = 0, -m + 1591 = -t. What is the greatest common factor of 1159 and m?
61
Let c = -17583 - -18521. What is the greatest common divisor of c and 28?
14
Let w = 457 - 454. Let k(y) = 26*y - 56. Let g be k(w). What is the greatest common factor of g and 6?
2
Let s be 11 + -9 + 0/(-1). Suppose 4*a - 56 = -4*w, -s*w + w = 2*a - 19. What is the greatest common factor of 33 and w?
3
Let j be 12/(-10)*(-31995)/18 - -9. What is the highest common factor of 126 and j?
126
Let m be (5 - 6)*30/(-2). Let c be (23/92)/((-2)/(-24)). Let b be 122 + c*4/(-6). What is the highest common factor of m and b?
15
Let z = -51 + 53. Suppose -z + 2 = -5*h. Suppose 0*i - 2*d = i - 21, h = 4*i + 5*d - 93. What is the greatest common factor of i and 216?
27
Let h(t) = -t**3 - 16*t**2 + 9*t + 904. Let s be h(-22). Calculate the highest common factor of 114 and s.
38
Let m(h) = 16*h**2 - 60*h - 992. Let t be m(-16). What is the greatest common divisor of 32 and t?
32
Let t be ((-3)/(-12))/(4/32*2). Let z(h) = 3*h**2 + 8*h - 1. Let k be z(-5). Suppose -5 = 33*c - k*c. Calculate the highest common divisor of t and c.
1
Let d be -51 + 22896/240 - (-3)/(-10)*-2. What is the greatest common divisor of d and 2895?
15
Let k(y) = -5*y - 1. Let h be k(-1). Suppose 3*l + 63 = -2*u + 3*u, 4*u - h*l - 252 = 0. Let j = 143 - u. What is the greatest common factor of j and 20?
20
Suppose -16*m - 3463425 = -122*m - 83*m. What is the greatest common factor of 25 and m?
25
Let h = -121 - -171. Suppose -3*f - 57 + 36 = 0. Let p = 27 + f. Calculate the greatest common factor of p and h.
10
Let p be (-6129)/(-1) - (1890/(-405))/((-6)/(-9)). Calculate the highest common divisor of 39 and p.
13
Let y = -9006 + 9468. Calculate the greatest common factor of y and 98.
14
Let n be -4*1/(2/(-2)). Suppose -3 = 3*y - 15. Suppose y = n*c, -2 = 3*s - 2*c - 6. What is the greatest common factor of 32 and s?
2
Let h = -12160 - -22687. What is the highest common divisor of 363 and h?
363
Suppose -d + 5*f + 115 = -0*d, d - 143 = -2*f. Let j(a) = -3*a - 49. Let w be j(6). Let c = 82 + w. What is the highest common factor of d and c?
15
Let i be ((-990)/12)/(6204/480 - 13). Calculate the highest common factor of i and 88.
44
Let x(p) = 16*p**2 - 371*p - 1844. Let s be x(-5). What is the highest common factor of 9590 and s?
137
Let j(b) = 11*b**3 - 4*b**2 + 73*b - 60. Let h be j(7). What is the highest common divisor of h and 380?
76
Let d(h) = -173*h**3 - 2. Let p be d(-1). Let n be (10/(-3))/((-6)/p). What is the greatest common factor of n and 38?
19
Let i be ((-255)/(-20))/(-17)*11176/(-2). Calculate the highest common divisor of 33 and i.
33
Let t(f) = f**3 - f**2 - 108*f + 98. Let h be t(-9). Calculate the greatest common divisor of 35360 and h.
260
Suppose -35 = -11*b + 64. Let x be 2 + 1/2*0. Suppose 0 = 2*k - x - 0. Calculate the highest common divisor of b and k.
1
Let x = 139 - 137. Suppose 0 = 3*a + 2*u - 169, -2*a - 3*u = x*u - 120. Suppose -52*i = -a*i + 180. What is the greatest common divisor of 20 and i?
20
Let k be -3 + -279 + (3 - 5). Let m = 345 + k. What is the greatest common divisor of m and 244?
61
Let j(m) = 4*m + 7. Suppose 0 = 5*x - 4*f - 13 - 27, 4*f = -2*x - 12. Let t be j(x). Suppose -3*p + 7*p = 828. Calculate the greatest common divisor of p and t.
23
Suppose 861 + 121 = 2*c - 2*p, 5*p = -3*c + 1465. Let z(k) = k**3 - 37*k**2 + 21*k + 10. Let m be z(0). Calculate the greatest common divisor of m and c.
10
Suppose -7287 = -1312*n + 271*n. Let q = -1 - -8. Let l be q*(-1 + 10/1). Calculate the highest common factor of l and n.
7
Suppose -4*w = -3*l - 69, 4*w + 9*l = 4*l + 77. What is the highest common factor of 333 and w?
9
Let y(i) = 8*i**2 + 3*i. Suppose 44 = -4*r + 32. Let k be y(r). Suppose -a + 36 = -k. What is the highest common divisor of a and 9?
9
Suppose 3*l - 1474 = n, 757 - 257 = l + 4*n. What is the greatest common divisor of 48 and l?
12
Let q(t) = -t**2 + 85*t + 1272. Let r be q(97). Suppose w = 5*w + 8. Let k = w - -14. Calculate the highest common factor of k and r.
12
Let u(s) = -25*s + 25. Let i be u(-8). Let p = 243 - i. What is the highest common factor of p and 108?
18
Suppose -2*d + 3*d = -6*d. Let j be d/((-25)/(-5)) - -19 - 0. Let k be 3*(-2)/3 + 135. What is the highest common factor of k and j?
19
Suppose 30*d - 773360 = -52*d + 384972. What is the highest common factor of 70 and d?
14
Let m(s) = s**3 + 29*s**2 + 54*s + 20. Let a be m(-27). Suppose j - 50 = -a. What is the greatest common divisor o